rime factors of k(-17).
3, 227
Suppose -3*n + 117 = 5*w, w = -n + 31 + 6. Let s = -420 - -430. Suppose n = 4*o - s. What are the prime factors of o?
11
Let k(j) = j**3 + 11*j**2 + 3*j - 83. What are the prime factors of k(7)?
2, 5, 41
Let p = -223 + 374. Suppose -3*o - 32 = -2*j, -5*j - 5*o + p = 46. List the prime factors of j.
19
What are the prime factors of 1905 + (-6)/(-12)*18?
2, 3, 11, 29
What are the prime factors of 1869/14*20/3?
2, 5, 89
Let b(h) = h**2 - 7*h. Let v be b(9). Let p = 23 - v. What are the prime factors of p?
5
Let f = 131 + -78. Suppose -9 = 3*d, -5*h - d + f = -2*d. What are the prime factors of h?
2, 5
Suppose 4*g + 160 = 488. Suppose 2*h - g - 116 = -5*n, -3*n = 4*h - 368. List the prime factors of h.
89
Suppose 8*p = 3*p - 3*w + 427, -w - 1 = 0. Suppose 42 = 4*i - p. List the prime factors of i.
2
Suppose -16*n = -21*n + 15. Suppose 4*g - 41 = -0*l - 5*l, -5*l - 13 = -2*g. What are the prime factors of g/(-5)*(-25)/n?
3, 5
Let g = 3 + -7. Let t(j) = 4*j**3 + 3*j**2 - 2*j - 6. Let h(p) = -p**3 + p**2 - p + 1. Let q(u) = 3*h(u) + t(u). List the prime factors of q(g).
7
List the prime factors of (12/14)/(-3) + (-1531750)/(-770).
3, 13, 17
Suppose -2*h - 8 = -4*i, 2*h - i - 10 = -3*i. Let r(p) = 26*p**2 + 2*p. What are the prime factors of r(h)?
2, 3
Let w = -135 + 461. What are the prime factors of w?
2, 163
Let x be 3/(-2) + (-171)/(-6). Let b = x - 23. Suppose -2*l = -5*h - 4, 2*l + b*h = 16 + 24. What are the prime factors of l?
2, 3
Let w be (-2)/(-7) + -6*(-4)/14. Suppose w*t - 7*t = -630. What are the prime factors of t?
2, 3, 7
Let f be ((-8)/12)/(2/(-42)). Suppose -210 = -17*k + f*k. List the prime factors of k.
2, 5, 7
Let i(r) = r - 13. Let g be i(0). Let n = g - -13. List the prime factors of 1 + 13 + 3 - n.
17
Suppose 4899 = 4*c + 3*g, -2*g + 0*g + 3675 = 3*c. List the prime factors of c.
3, 409
Suppose -49392 = 18*d - 36*d. What are the prime factors of d?
2, 7
Let i be (2 - 5)/(6/(-20)). Suppose 2*y + y - 69 = 0. Let t = y - i. List the prime factors of t.
13
Let v(k) = 6*k**2 + 15*k - 20. Let c be v(-13). Let z = -520 + c. What are the prime factors of z?
3, 31
Suppose 0 = -8*c + 4*c - 24. Let k(d) = -d**2 - 5*d - 1. Let b be k(c). Let v(w) = -3*w - 2. What are the prime factors of v(b)?
19
Let p(k) = -k + 16. Let o be p(11). Suppose o*r - 1 - 9 = 0. Suppose 0*u + 13 = u + 4*c, r*u = -c + 54. List the prime factors of u.
29
Let j = -6 + 8. Let n be 5/j*6/5. Suppose 2*q = -2*q + 5*t + 7, -n*q + 2*t = -7. List the prime factors of q.
3
Suppose 238*v - 9568 = 230*v. List the prime factors of v.
2, 13, 23
Suppose -5*x = -3 - 2. Let s be (-1)/4 + x/4. Suppose s*c + 21 = 3*c. What are the prime factors of c?
7
Suppose 4512 = 3*y - 144*n + 149*n, y = n + 1512. List the prime factors of y.
3, 503
Suppose 0 = 25*r - 26315 - 21360. List the prime factors of r.
1907
Suppose d = o - 2*d + 11, 3*d - 9 = 0. List the prime factors of (-32)/(-16) + 1/(o/(-74)).
3, 13
Suppose 26*b - 5120 = -492. List the prime factors of b.
2, 89
Suppose 2*c = 3*c. What are the prime factors of ((-30)/(-3) - c) + 0?
2, 5
Suppose -2*z - x + 2567 = 0, -x = -39*z + 40*z - 1284. List the prime factors of z.
1283
Let j be -12 + -1 - 0/(-5). Let m be 0 + 4 + 213 + j. Suppose -f - 340 = -6*f + 2*s, 3*f - m = -3*s. List the prime factors of f.
2, 17
List the prime factors of (-1)/((-4)/22 + 3843/21560).
2, 5, 7
Let k = 2255 + -559. List the prime factors of k.
2, 53
Let t = 75 + -70. Suppose -t*b + 462 + 318 = 0. What are the prime factors of b?
2, 3, 13
Suppose 2*r + 37 = 317. Suppose 3*h - b - 229 = 0, 3*h - r = 2*b + 93. What are the prime factors of h?
3, 5
Let w(j) = 43*j**2 - 3*j - 1. List the prime factors of w(-5).
3, 11
Suppose 0 = 28*j - 24*j - 11180. List the prime factors of j.
5, 13, 43
Let k(l) = l**3 + 9*l**2 + 7*l + 2. Let w be k(-7). Suppose -3*p - 156 = -4*f + p, 5*p + w = f. What are the prime factors of f?
2, 3
Suppose -11*v - 3 = -12*v. Suppose -2*y + l + 68 = v*y, -5*l - 60 = -5*y. What are the prime factors of y?
2, 7
Suppose 4*g - w - 21 = 0, -3*g + 2*w - 5*w + 12 = 0. Let m(s) = 12*s - 131. Let i be m(12). Suppose 552 = -g*l + i*l. What are the prime factors of l?
3, 23
Let o be -3*1 - (-56)/7. Suppose -1 = -o*j + 9. Let k(t) = 3*t + 3. What are the prime factors of k(j)?
3
Let x = 31 - 28. Suppose l = x*l - 42. What are the prime factors of l?
3, 7
Let o(s) = s - 7. Let t be o(9). Let r be -34 + t + (-1 - -3). Let i = 13 - r. What are the prime factors of i?
43
Suppose 5*h - 10*h = 10, -4*t + 2*h = -364. List the prime factors of t.
2, 3, 5
Suppose 1816 = -35*l + 6436. List the prime factors of l.
2, 3, 11
Let w be (-4 - (41 + 0))*-1. Let u = w - -21. List the prime factors of u.
2, 3, 11
Suppose 0 = 2*z + 2*d - 542 + 136, 0 = -2*z - 3*d + 407. Suppose -78 = -5*a + z. Let y = a - 34. What are the prime factors of y?
2, 11
Let w = 1248 + 4691. List the prime factors of w.
5939
Suppose 8 = w + 3. List the prime factors of 557/w - 2/5.
3, 37
Let v(y) = 53*y**2 - 2 + y - 23*y**2 - 6*y - y**3 - 24*y**2. Let o be v(5). List the prime factors of 53 + 1 - o/(-1).
2, 13
Let i = 13 + -45. Let n = 42 - i. What are the prime factors of n?
2, 37
Suppose 215 = 4*z + 63. Suppose 97 = 5*i - z. List the prime factors of i.
3
Let k(r) be the first derivative of 4*r**2 - r + 5. What are the prime factors of k(3)?
23
Let i(g) be the first derivative of g**3/3 + 15*g**2/2 + 22*g + 5. Let t be i(-15). Let s = 42 - t. List the prime factors of s.
2, 5
Let w be 2*(-2 - 28/(-8)). Suppose -y - 2*p + 18 = 0, -2*y - w*y - 5*p + 65 = 0. List the prime factors of (-553)/(-28) - 6/y.
19
Let l be (1/(-2))/(3/(-30)). Suppose -9 = l*u - 29. Let i = 3 + u. List the prime factors of i.
7
Let u = -1508 + 2176. List the prime factors of u.
2, 167
Let z(v) = 4*v**2 + 107*v + 104. What are the prime factors of z(-30)?
2, 13, 19
Let p be 3*-4*(-23)/6. Suppose 0 = 3*w - 5*b - p, -4*b - 30 = 4*w - 6*w. What are the prime factors of w?
17
Suppose -4 = 2*s, 8 = -2*t - s - 3*s. Suppose l = -4*m + 281, t*l - 2*l = 5*m - 355. What are the prime factors of m?
3, 23
Suppose -r = -3*p - 310, -13*p + 8*p = -r + 312. List the prime factors of r.
307
Suppose 16*g - 100 = 11*g. Let t = 8 + g. What are the prime factors of t?
2, 7
Suppose -3*q = 3*d + q - 14, d = q. Let g be 2 - d/(-4)*-6. What are the prime factors of (-3 - -18) + 1 + g?
3, 5
Let f be 26/(-9) - 8/72. What are the prime factors of 9 - -21 - f/(-3)?
29
Suppose 54*a - 55*a = -78. Suppose -3*o + 48 = -3*b, 0*b + 4*b + a = 5*o. List the prime factors of o.
2, 7
Let l be -246*34/(-52) + (-6)/(-39). Suppose 3*h + 5*j - l = 3*j, -265 = -5*h - 5*j. List the prime factors of h.
5, 11
List the prime factors of 9/15 - 35048/(-20).
1753
Let w(p) = p**3 + 9*p**2 + 9*p + 12. Let n be w(-8). Suppose n*u = 11*u - 588. List the prime factors of u.
2, 3, 7
Let w(a) = 13720*a + 539. Let c(y) be the third derivative of 17*y**4/8 + y**3/3 - 10*y**2. Let x(h) = -539*c(h) + 2*w(h). List the prime factors of x(-1).
7
Let c = -103 + 582. List the prime factors of c.
479
Let f(w) = -2*w**2 + 14*w - 16. Let c be f(9). Let z = 89 + c. List the prime factors of z.
37
Suppose 0 = 7*t - 4931 - 1103. Suppose -5*i - 2*p + t = 0, 2*p - 4 = -2. What are the prime factors of i?
2, 43
Suppose -4*w = 5*p + 708, w = 4*p - 3*w + 588. Let c = 278 + p. List the prime factors of c.
2, 67
Let g(j) = -j**2 - 11*j - 3. Let m be g(-9). Let c(d) = m + 8 + 28*d - 24. What are the prime factors of c(1)?
3
Let x(l) = -27*l + 49. What are the prime factors of x(-1)?
2, 19
Suppose -u = 5 - 2. List the prime factors of (30/u)/(1*2/(-12)).
2, 3, 5
Suppose 23*b - 6020 = 3*b. List the prime factors of b.
7, 43
Let x be (2 + -4)*(-285)/6. Let j = x - 224. What are the prime factors of 1/(((-3)/j)/1)?
43
Let t = 10626 + -7336. List the prime factors of t.
2, 5, 7, 47
Let v(i) be the first derivative of 143*i**3/3 - 2*i**2 - 3*i - 23. List the prime factors of v(-1).
2, 3
Suppose -y + 46 = -42. Let h = y + -50. Suppose -2*n + 68 = -h. List the prime factors of n.
53
Let f = 5601 + -2337. What are the prime factors of f?
2, 3, 17
Suppose -2*v + 5*v - 59 = 5*r, 3*r + 93 = 5*v. List the prime factors of v.
2, 3
Suppose -2*d = 8*d. Suppose -5*s + 108 = -2*s - 4*q, 